{"id":4999,"date":"2024-04-30T14:13:46","date_gmt":"2024-04-30T18:13:46","guid":{"rendered":"https:\/\/clients-conceptsk8.com\/cfqlmc-dev\/?page_id=4999"},"modified":"2024-08-22T14:46:32","modified_gmt":"2024-08-22T18:46:32","slug":"memoires-presentes","status":"publish","type":"page","link":"https:\/\/clients-conceptsk8.com\/cfqlmc-dev\/la-commission\/memoires-presentes\/","title":{"rendered":"M\u00e9moires pr\u00e9sent\u00e9s"},"content":{"rendered":"\t\t<div data-elementor-type=\"wp-page\" data-elementor-id=\"4999\" class=\"elementor elementor-4999\" data-elementor-post-type=\"page\">\n\t\t\t\t<div class=\"elementor-element elementor-element-4e04623 e-flex e-con-boxed sc_inner_width_none sc_layouts_column_icons_position_left e-con e-parent\" data-id=\"4e04623\" data-element_type=\"container\">\n\t\t\t\t\t<div class=\"e-con-inner\">\n\t\t\t\t<div class=\"elementor-element elementor-element-1550efc sc_fly_static elementor-widget elementor-widget-trx_sc_layouts_title\" data-id=\"1550efc\" data-element_type=\"widget\" data-widget_type=\"trx_sc_layouts_title.default\">\n\t\t\t\t<div class=\"elementor-widget-container\">\n\t\t\t<div class=\"sc_layouts_title sc_align_center with_content without_image without_tint\"><div class=\"sc_layouts_title_content\"><div class=\"sc_layouts_title_title\"><h1 class=\"sc_layouts_title_caption\">M\u00e9moires pr\u00e9sent\u00e9s<\/h1><\/div><div class=\"sc_layouts_title_breadcrumbs\"><div class=\"breadcrumbs\"><a class=\"breadcrumbs_item home\" href=\"https:\/\/clients-conceptsk8.com\/cfqlmc-dev\/\">Accueil<\/a><span class=\"breadcrumbs_delimiter\"><\/span><span class=\"breadcrumbs_item current\">M\u00e9moires pr\u00e9sent\u00e9s<\/span><\/div><\/div><\/div><\/div>\t\t<\/div>\n\t\t\t\t<\/div>\n\t\t\t\t\t<\/div>\n\t\t\t\t<\/div>\n\t\t<div class=\"elementor-element elementor-element-6f6a7a4 mainbox e-flex e-con-boxed sc_inner_width_none sc_layouts_column_icons_position_left e-con e-parent\" data-id=\"6f6a7a4\" data-element_type=\"container\">\n\t\t\t\t\t<div class=\"e-con-inner\">\n\t\t\t\t<div class=\"elementor-element elementor-element-d2b6e20 sc_fly_static elementor-widget elementor-widget-text-editor\" data-id=\"d2b6e20\" data-element_type=\"widget\" data-widget_type=\"text-editor.default\">\n\t\t\t\t<div class=\"elementor-widget-container\">\n\t\t\t<style>\/*! elementor - v3.23.0 - 05-08-2024 *\/\n.elementor-widget-text-editor.elementor-drop-cap-view-stacked .elementor-drop-cap{background-color:#69727d;color:#fff}.elementor-widget-text-editor.elementor-drop-cap-view-framed .elementor-drop-cap{color:#69727d;border:3px solid;background-color:transparent}.elementor-widget-text-editor:not(.elementor-drop-cap-view-default) .elementor-drop-cap{margin-top:8px}.elementor-widget-text-editor:not(.elementor-drop-cap-view-default) .elementor-drop-cap-letter{width:1em;height:1em}.elementor-widget-text-editor .elementor-drop-cap{float:left;text-align:center;line-height:1;font-size:50px}.elementor-widget-text-editor .elementor-drop-cap-letter{display:inline-block}<\/style>\t\t\t\t<p>Lors de moments cl\u00e9s de l\u2019\u00e9volution de la politique qu\u00e9b\u00e9coise, en particulier en mati\u00e8re de langue ou de patrimoine, la Commission a pr\u00e9sent\u00e9 des m\u00e9moires.\u00a0<\/p><p>En voici la liste\u00a0:<\/p>\t\t\t\t\t\t<\/div>\n\t\t\t\t<\/div>\n\t\t<div class=\"elementor-element elementor-element-2d76cf4 e-flex e-con-boxed sc_inner_width_none sc_layouts_column_icons_position_left e-con e-child\" data-id=\"2d76cf4\" data-element_type=\"container\">\n\t\t\t\t\t<div class=\"e-con-inner\">\n\t\t\t\t<div class=\"elementor-element elementor-element-3391593 elementor-widget__width-initial elementor-widget-tablet__width-initial sc_fly_static elementor-widget elementor-widget-text-editor\" data-id=\"3391593\" data-element_type=\"widget\" data-widget_type=\"text-editor.default\">\n\t\t\t\t<div class=\"elementor-widget-container\">\n\t\t\t\t\t\t\t<ul class=\"arrow-rouge\">\n \t<li>Ao\u00fbt 2016 &#8211;\u00a0<a href=\"https:\/\/clients-conceptsk8.com\/cfqlmc-dev\/wp-content\/uploads\/2024\/05\/memoire-politique-culturelle.pdf\" target=\"_blank\" rel=\"noopener\">Le renouvellement de la Politique culturelle du Qu\u00e9bec<\/a>\nM\u00e9moire de la Commission franco-qu\u00e9b\u00e9coise sur les lieux de m\u00e9moire communs<\/li>\n \t<li>F\u00e9vrier 2008 &#8211;\u00a0<a href=\"https:\/\/clients-conceptsk8.com\/cfqlmc-dev\/wp-content\/uploads\/2024\/05\/memoire-cfqlmc.pdf\" target=\"_blank\" rel=\"noopener\">Un regard neuf sur le patrimoine culturel<\/a>. M\u00e9moire soumis par la Commission franco-qu\u00e9b\u00e9coise sur les lieux de m\u00e9moire communs dans le cadre de la consultation tenue par la ministre de la Culture et des Communications et de la condition f\u00e9minine en vue de la r\u00e9vision de la loi sur les biens culturels.<\/li>\n \t<li>Septembre 2005 &#8211;\u00a0<a href=\"https:\/\/clients-conceptsk8.com\/cfqlmc-dev\/wp-content\/uploads\/2024\/05\/memoire_avenir_du_patrimoine_religieux_2005.pdf\" target=\"_blank\" rel=\"noopener\">L&#8217;avenir du patrimoine religieux<\/a>. M\u00e9moire conjoint de la Commission franco-qu\u00e9b\u00e9coise sur les lieux de m\u00e9moire communs et de la Soci\u00e9t\u00e9 qu\u00e9b\u00e9coise d\u2019ethnologie sur le Patrimoine religieux du Qu\u00e9bec, pr\u00e9sent\u00e9 \u00e0 la Commission de la culture de l\u2019Assembl\u00e9e nationale du Qu\u00e9bec. Consulter \u00e9galement la\u00a0<a href=\"https:\/\/www.cfqlmc.org\/pdf\/memoire_avenir_du_patrimoine_religieux_lettre.pdf\">lettre de pr\u00e9sentation du m\u00e9moire<\/a>et le m\u00e9moire dans sa version int\u00e9grale.<\/li>\n \t<li>Septembre 2005 &#8211;<a href=\"https:\/\/clients-conceptsk8.com\/cfqlmc-dev\/wp-content\/uploads\/2024\/05\/assurer-avenir.pdf\" target=\"_blank\" rel=\"noopener\">Pour assurer un avenir au pass\u00e9. Des lieux de m\u00e9moire communs au Qu\u00e9bec et en France<\/a>. Commission franco-qu\u00e9b\u00e9coise sur les lieux de m\u00e9moire communs en collaboration avec le Service de la recherche et de l\u2019\u00c9valuation du mus\u00e9e de la Civilisation et de l\u2018Association Qu\u00e9bec-France<\/li>\n<\/ul>\t\t\t\t\t\t<\/div>\n\t\t\t\t<\/div>\n\t\t\t\t<div class=\"elementor-element elementor-element-a4d8dbe sc_fly_static elementor-widget elementor-widget-image\" data-id=\"a4d8dbe\" data-element_type=\"widget\" data-widget_type=\"image.default\">\n\t\t\t\t<div class=\"elementor-widget-container\">\n\t\t\t<style>\/*! elementor - v3.23.0 - 05-08-2024 *\/\n.elementor-widget-image{text-align:center}.elementor-widget-image a{display:inline-block}.elementor-widget-image a img[src$=\".svg\"]{width:48px}.elementor-widget-image img{vertical-align:middle;display:inline-block}<\/style>\t\t\t\t\t\t\t\t\t\t<img fetchpriority=\"high\" decoding=\"async\" width=\"500\" height=\"281\" src=\"https:\/\/clients-conceptsk8.com\/cfqlmc-dev\/wp-content\/uploads\/2024\/08\/memoires-presentes.jpg\" class=\"attachment-full size-full wp-image-8651\" alt=\"\" srcset=\"https:\/\/clients-conceptsk8.com\/cfqlmc-dev\/wp-content\/uploads\/2024\/08\/memoires-presentes.jpg 500w, https:\/\/clients-conceptsk8.com\/cfqlmc-dev\/wp-content\/uploads\/2024\/08\/memoires-presentes-300x169.jpg 300w, https:\/\/clients-conceptsk8.com\/cfqlmc-dev\/wp-content\/uploads\/2024\/08\/memoires-presentes-370x208.jpg 370w, https:\/\/clients-conceptsk8.com\/cfqlmc-dev\/wp-content\/uploads\/2024\/08\/memoires-presentes-406x228.jpg 406w, https:\/\/clients-conceptsk8.com\/cfqlmc-dev\/wp-content\/uploads\/2024\/08\/memoires-presentes-270x152.jpg 270w\" sizes=\"(max-width: 600px) 100vw, 500px\" \/>\t\t\t\t\t\t\t\t\t\t\t\t\t<\/div>\n\t\t\t\t<\/div>\n\t\t\t\t\t<\/div>\n\t\t\t\t<\/div>\n\t\t\t\t\t<\/div>\n\t\t\t\t<\/div>\n\t\t\t\t<\/div>\n\t\t","protected":false},"excerpt":{"rendered":"<p>Page (post) title HomePage (post) title Lors de moments cl\u00e9s de l\u2019\u00e9volution de la politique qu\u00e9b\u00e9coise, en particulier en mati\u00e8re de langue ou de patrimoine, la Commission a pr\u00e9sent\u00e9 des m\u00e9moires.\u00a0 En voici la liste\u00a0:&hellip;<\/p>\n","protected":false},"author":1,"featured_media":0,"parent":4707,"menu_order":0,"comment_status":"closed","ping_status":"closed","template":"","meta":{"footnotes":""},"class_list":["post-4999","page","type-page","status-publish","hentry"],"_links":{"self":[{"href":"https:\/\/clients-conceptsk8.com\/cfqlmc-dev\/wp-json\/wp\/v2\/pages\/4999","targetHints":{"allow":["GET"]}}],"collection":[{"href":"https:\/\/clients-conceptsk8.com\/cfqlmc-dev\/wp-json\/wp\/v2\/pages"}],"about":[{"href":"https:\/\/clients-conceptsk8.com\/cfqlmc-dev\/wp-json\/wp\/v2\/types\/page"}],"author":[{"embeddable":true,"href":"https:\/\/clients-conceptsk8.com\/cfqlmc-dev\/wp-json\/wp\/v2\/users\/1"}],"replies":[{"embeddable":true,"href":"https:\/\/clients-conceptsk8.com\/cfqlmc-dev\/wp-json\/wp\/v2\/comments?post=4999"}],"version-history":[{"count":61,"href":"https:\/\/clients-conceptsk8.com\/cfqlmc-dev\/wp-json\/wp\/v2\/pages\/4999\/revisions"}],"predecessor-version":[{"id":9470,"href":"https:\/\/clients-conceptsk8.com\/cfqlmc-dev\/wp-json\/wp\/v2\/pages\/4999\/revisions\/9470"}],"up":[{"embeddable":true,"href":"https:\/\/clients-conceptsk8.com\/cfqlmc-dev\/wp-json\/wp\/v2\/pages\/4707"}],"wp:attachment":[{"href":"https:\/\/clients-conceptsk8.com\/cfqlmc-dev\/wp-json\/wp\/v2\/media?parent=4999"}],"curies":[{"name":"wp","href":"https:\/\/api.w.org\/{rel}","templated":true}]}}